{"id":191700,"date":"2019-12-02T23:53:06","date_gmt":"2019-12-02T22:53:06","guid":{"rendered":"https:\/\/www.herold.at\/blog\/?page_id=191700"},"modified":"2019-12-03T21:58:24","modified_gmt":"2019-12-03T20:58:24","slug":"instagram-feed","status":"publish","type":"page","link":"https:\/\/www.herold.at\/blog\/instagram-feed\/","title":{"rendered":"HEROLD Instagram"},"content":{"rendered":"","protected":false},"excerpt":{"rendered":"","protected":false},"author":175,"featured_media":0,"parent":0,"menu_order":0,"comment_status":"closed","ping_status":"closed","template":"template-blog-ig-landing.php","meta":{"inline_featured_image":false,"footnotes":""},"acf":[],"yoast_head":"\n<title>HEROLD Instagram - Herold Blog<\/title>\n<meta name=\"description\" content=\"Ob Beauty-Trends, Urlaub in \u00d6sterreich oder Restaurant-Tipps: In unserem HEROLD Blog findest du Artikel f\u00fcr s\u00e4mtliche Lebenslagen.\" \/>\n<meta name=\"robots\" content=\"index, follow, max-snippet:-1, max-image-preview:large, max-video-preview:-1\" \/>\n<link rel=\"canonical\" href=\"https:\/\/www.herold.at\/blog\/instagram-feed\/\" \/>\n<meta property=\"og:locale\" content=\"de_DE\" \/>\n<meta property=\"og:type\" content=\"article\" \/>\n<meta property=\"og:title\" content=\"HEROLD Instagram - Herold Blog\" \/>\n<meta property=\"og:description\" content=\"Ob Beauty-Trends, Urlaub in \u00d6sterreich oder Restaurant-Tipps: In unserem HEROLD Blog findest du Artikel f\u00fcr s\u00e4mtliche Lebenslagen.\" \/>\n<meta property=\"og:url\" content=\"https:\/\/www.herold.at\/blog\/instagram-feed\/\" \/>\n<meta property=\"og:site_name\" content=\"Herold Blog\" \/>\n<meta property=\"article:publisher\" content=\"https:\/\/www.facebook.com\/derherold\" \/>\n<meta property=\"article:modified_time\" content=\"2019-12-03T20:58:24+00:00\" \/>\n<script type=\"application\/ld+json\" class=\"yoast-schema-graph\">{\"@context\":\"https:\/\/schema.org\",\"@graph\":[{\"@type\":\"WebPage\",\"@id\":\"https:\/\/www.herold.at\/blog\/instagram-feed\/\",\"url\":\"https:\/\/www.herold.at\/blog\/instagram-feed\/\",\"name\":\"HEROLD Instagram - Herold Blog\",\"isPartOf\":{\"@id\":\"https:\/\/www.herold.at\/blog\/#website\"},\"datePublished\":\"2019-12-02T22:53:06+00:00\",\"dateModified\":\"2019-12-03T20:58:24+00:00\",\"description\":\"Ob Beauty-Trends, Urlaub in \u00d6sterreich oder Restaurant-Tipps: In unserem HEROLD Blog findest du Artikel f\u00fcr s\u00e4mtliche Lebenslagen.\",\"breadcrumb\":{\"@id\":\"https:\/\/www.herold.at\/blog\/instagram-feed\/#breadcrumb\"},\"inLanguage\":\"de-DE\",\"potentialAction\":[{\"@type\":\"ReadAction\",\"target\":[\"https:\/\/www.herold.at\/blog\/instagram-feed\/\"]}]},{\"@type\":\"BreadcrumbList\",\"@id\":\"https:\/\/www.herold.at\/blog\/instagram-feed\/#breadcrumb\",\"itemListElement\":[{\"@type\":\"ListItem\",\"position\":1,\"name\":\"Home\",\"item\":\"https:\/\/www.herold.at\/blog\/\"},{\"@type\":\"ListItem\",\"position\":2,\"name\":\"HEROLD Instagram\"}]},{\"@type\":\"WebSite\",\"@id\":\"https:\/\/www.herold.at\/blog\/#website\",\"url\":\"https:\/\/www.herold.at\/blog\/\",\"name\":\"Herold Blog\",\"description\":\"Ratgeber &amp; Blog von herold.at\",\"potentialAction\":[{\"@type\":\"SearchAction\",\"target\":{\"@type\":\"EntryPoint\",\"urlTemplate\":\"https:\/\/www.herold.at\/blog\/?s={search_term_string}\"},\"query-input\":\"required name=search_term_string\"}],\"inLanguage\":\"de-DE\"}]}<\/script>\n","yoast_head_json":{"title":"HEROLD Instagram - Herold Blog","description":"Ob Beauty-Trends, Urlaub in \u00d6sterreich oder Restaurant-Tipps: In unserem HEROLD Blog findest du Artikel f\u00fcr s\u00e4mtliche Lebenslagen.","robots":{"index":"index","follow":"follow","max-snippet":"max-snippet:-1","max-image-preview":"max-image-preview:large","max-video-preview":"max-video-preview:-1"},"canonical":"https:\/\/www.herold.at\/blog\/instagram-feed\/","og_locale":"de_DE","og_type":"article","og_title":"HEROLD Instagram - Herold Blog","og_description":"Ob Beauty-Trends, Urlaub in \u00d6sterreich oder Restaurant-Tipps: In unserem HEROLD Blog findest du Artikel f\u00fcr s\u00e4mtliche Lebenslagen.","og_url":"https:\/\/www.herold.at\/blog\/instagram-feed\/","og_site_name":"Herold Blog","article_publisher":"https:\/\/www.facebook.com\/derherold","article_modified_time":"2019-12-03T20:58:24+00:00","schema":{"@context":"https:\/\/schema.org","@graph":[{"@type":"WebPage","@id":"https:\/\/www.herold.at\/blog\/instagram-feed\/","url":"https:\/\/www.herold.at\/blog\/instagram-feed\/","name":"HEROLD Instagram - Herold Blog","isPartOf":{"@id":"https:\/\/www.herold.at\/blog\/#website"},"datePublished":"2019-12-02T22:53:06+00:00","dateModified":"2019-12-03T20:58:24+00:00","description":"Ob Beauty-Trends, Urlaub in \u00d6sterreich oder Restaurant-Tipps: In unserem HEROLD Blog findest du Artikel f\u00fcr s\u00e4mtliche Lebenslagen.","breadcrumb":{"@id":"https:\/\/www.herold.at\/blog\/instagram-feed\/#breadcrumb"},"inLanguage":"de-DE","potentialAction":[{"@type":"ReadAction","target":["https:\/\/www.herold.at\/blog\/instagram-feed\/"]}]},{"@type":"BreadcrumbList","@id":"https:\/\/www.herold.at\/blog\/instagram-feed\/#breadcrumb","itemListElement":[{"@type":"ListItem","position":1,"name":"Home","item":"https:\/\/www.herold.at\/blog\/"},{"@type":"ListItem","position":2,"name":"HEROLD Instagram"}]},{"@type":"WebSite","@id":"https:\/\/www.herold.at\/blog\/#website","url":"https:\/\/www.herold.at\/blog\/","name":"Herold Blog","description":"Ratgeber &amp; Blog von herold.at","potentialAction":[{"@type":"SearchAction","target":{"@type":"EntryPoint","urlTemplate":"https:\/\/www.herold.at\/blog\/?s={search_term_string}"},"query-input":"required name=search_term_string"}],"inLanguage":"de-DE"}]}},"_links":{"self":[{"href":"https:\/\/www.herold.at\/blog\/wp-json\/wp\/v2\/pages\/191700"}],"collection":[{"href":"https:\/\/www.herold.at\/blog\/wp-json\/wp\/v2\/pages"}],"about":[{"href":"https:\/\/www.herold.at\/blog\/wp-json\/wp\/v2\/types\/page"}],"author":[{"embeddable":true,"href":"https:\/\/www.herold.at\/blog\/wp-json\/wp\/v2\/users\/175"}],"replies":[{"embeddable":true,"href":"https:\/\/www.herold.at\/blog\/wp-json\/wp\/v2\/comments?post=191700"}],"version-history":[{"count":1,"href":"https:\/\/www.herold.at\/blog\/wp-json\/wp\/v2\/pages\/191700\/revisions"}],"predecessor-version":[{"id":191703,"href":"https:\/\/www.herold.at\/blog\/wp-json\/wp\/v2\/pages\/191700\/revisions\/191703"}],"wp:attachment":[{"href":"https:\/\/www.herold.at\/blog\/wp-json\/wp\/v2\/media?parent=191700"}],"curies":[{"name":"wp","href":"https:\/\/api.w.org\/{rel}","templated":true}]}}